s 29 divide 278?
False
Does 11 divide 147533?
False
Is 7 a factor of 1037?
False
Is 13 a factor of 195?
True
Is 30 a factor of 545?
False
Does 12 divide 726?
False
Does 47 divide 282?
True
Is 13 a factor of 1586?
True
Does 24 divide 3992?
False
Is 10 a factor of 3740?
True
Does 45 divide 9990?
True
Is 7915 a multiple of 29?
False
Does 92 divide 92?
True
Does 6 divide 376?
False
Is 43195 a multiple of 68?
False
Does 106 divide 48726?
False
Is 125 a factor of 13375?
True
Is 122 a factor of 25681?
False
Is 66 a factor of 1254?
True
Does 57 divide 11970?
True
Does 68 divide 1292?
True
Is 308 a multiple of 11?
True
Does 30 divide 810?
True
Is 7 a factor of 12321?
False
Is 2 a factor of 11517?
False
Is 1248 a multiple of 16?
True
Does 113 divide 3434?
False
Is 24 a factor of 61581?
False
Is 20 a factor of 5320?
True
Is 828 a multiple of 18?
True
Does 18 divide 398?
False
Does 2 divide 732?
True
Does 13 divide 91387?
False
Does 42 divide 86?
False
Does 18 divide 4579?
False
Is 1071 a multiple of 23?
False
Does 13 divide 429?
True
Does 20 divide 33120?
True
Is 109 a factor of 23871?
True
Does 24 divide 12051?
False
Does 43 divide 952?
False
Is 17 a factor of 85?
True
Is 64 a factor of 23872?
True
Is 55 a factor of 19977?
False
Is 512 a multiple of 2?
True
Does 14 divide 110?
False
Is 56 a factor of 1568?
True
Is 49 a factor of 8360?
False
Does 13 divide 1534?
True
Is 26 even?
True
Is 17195 a multiple of 19?
True
Does 8 divide 944?
True
Is 2750 a multiple of 130?
False
Does 6 divide 942?
True
Does 35 divide 15435?
True
Does 5 divide 94?
False
Is 11918 a multiple of 14?
False
Is 43 a factor of 1675?
False
Is 84275 a multiple of 10?
False
Does 22 divide 8558?
True
Does 26 divide 1030?
False
Does 111 divide 40750?
False
Is 14 a factor of 143?
False
Is 30 a factor of 1290?
True
Is 19 a factor of 6020?
False
Does 8 divide 7392?
True
Does 10 divide 1400?
True
Is 87 a factor of 12532?
False
Is 105 a factor of 15960?
True
Is 90 a multiple of 7?
False
Is 385 a multiple of 38?
False
Is 63 a factor of 2197?
False
Is 10368 a multiple of 192?
True
Is 4262 a multiple of 18?
False
Is 38920 a multiple of 9?
False
Is 3885 a multiple of 111?
True
Is 149 a factor of 9834?
True
Is 20 a factor of 4190?
False
Is 22 a factor of 18348?
True
Is 30 a factor of 4690?
False
Does 70 divide 700?
True
Is 130 a multiple of 13?
True
Does 27 divide 2009?
False
Does 33 divide 1749?
True
Is 167307 a multiple of 15?
False
Is 81 a factor of 1701?
True
Does 33 divide 4899?
False
Is 5 a factor of 3348?
False
Does 20 divide 620?
True
Is 13 a factor of 2435?
False
Is 156 a factor of 71242?
False
Is 12987 a multiple of 37?
True
Does 4 divide 5556?
True
Is 1714 a multiple of 17?
False
Is 76741 a multiple of 13?
False
Does 22 divide 660?
True
Is 9 a factor of 7263?
True
Does 4 divide 10914?
False
Is 1241 a multiple of 10?
False
Is 29 a factor of 3575?
False
Is 277 even?
False
Is 4 a factor of 125?
False
Does 68 divide 748?
True
Is 310 a multiple of 31?
True
Is 10900 a multiple of 35?
False
Is 1735 a multiple of 31?
False
Does 24 divide 2059?
False
Does 5 divide 1435?
True
Is 20 a factor of 900?
True
Is 10 a factor of 130?
True
Is 11 a factor of 67?
False
Is 20 a factor of 860?
True
Is 1294 a multiple of 29?
False
Is 58445 a multiple of 52?
False
Is 14 a factor of 1302?
True
Is 340 a multiple of 10?
True
Is 10240 a multiple of 206?
False
Is 3223 a multiple of 122?
False
Is 19 a factor of 181?
False
Does 170 divide 16830?
True
Is 3 a factor of 80?
False
Is 49 a factor of 4067?
True
Is 23231 a multiple of 43?
False
Is 36 a factor of 25741?
False
Is 38 a factor of 5525?
False
Is 3906 a multiple of 31?
True
Is 120 a factor of 3477?
False
Is 54784 a multiple of 62?
False
Does 52 divide 536?
False
Is 59 a factor of 4013?
False
Is 44069 a multiple of 189?
False
Is 7812 a multiple of 18?
True
Is 8215 a multiple of 53?
True
Does 25 divide 725?
True
Does 21 divide 153384?
True
Is 1364 a multiple of 29?
False
Is 100 a factor of 5031?
False
Does 67 divide 16415?
True
Does 4 divide 232?
True
Is 112 a factor of 2181?
False
Is 10578 a multiple of 9?
False
Is 24 a factor of 63600?
True
Does 8 divide 90?
False
Is 30856 a multiple of 116?
True
Is 52 a factor of 3409?
False
Does 27 divide 1458?
True
Is 93124 a multiple of 11?
False
Is 4850 a multiple of 3?
False
Is 1815 a multiple of 15?
True
Is 13 a factor of 8567?
True
Is 26 a factor of 3250?
True
Is 24974 a multiple of 9?
False
Is 7018 a multiple of 29?
True
Is 81 a multiple of 27?
True
Is 47 a factor of 1081?
True
Is 10 a factor of 12812?
False
Is 8 a factor of 1056?
True
Does 89 divide 16057?
False
Is 12 a factor of 1140?
True
Is 68 a factor of 2892?
False
Is 3 a factor of 662?
False
Is 4555 a multiple of 9?
False
Is 2845 a multiple of 43?
False
Is 111 a factor of 1837?
False
Is 2405 a multiple of 17?
False
Is 8948 a multiple of 8?
False
Does 140 divide 1400?
True
Does 250 divide 33000?
True
Does 111 divide 50727?
True
Is 2819 a multiple of 88?
False
Is 67 a factor of 6197?
False
Is 8 a factor of 72?
True
Is 3717 a multiple of 63?
True
Is 101 a factor of 6402?
False
Does 7 divide 1918?
True
Is 271 a multiple of 5?
False
Does 21 divide 8547?
True
Is 77 a factor of 462?
True
Does 73 divide 3368?
False
Does 8 divide 6578?
False
Does 18 divide 1980?
True
Is 13 a factor of 144?
False
Is 11493 a multiple of 28?
False
Does 23 divide 97115?
False
Does 8 divide 10?
False
Is 2159 a multiple of 87?
False
Is 9100 a multiple of 65?
True
Does 19 divide 950?
True
Is 8 a factor of 58?
False
Does 7 divide 658?
True
Is 5249 a multiple of 29?
True
Is 10 a factor of 42232?
False
Is 8890 a multiple of 63?
False
Is 49 a factor of 10214?
False
Does 8 divide 48656?
True
Does 19 divide 4712?
True
Is 11 a factor of 2252?
False
Is 22849 a multiple of 60?
False
Does 28 divide 784?
True
Does 37 divide 2403?
False
Is 2938 a multiple of 39?
False
Does 16 divide 432?
True
Is 162 a factor of 810?
True
Is 26 a factor of 3120?
True
Is 33 a factor of 383?
False
Is 47 a factor of 28153?
True
Is 49 a factor of 25774?
True
Is 11 a factor of 4113?
False
Is 125 a multiple of 3?
False
Is 34100 a multiple of 22?
True
Is 1962 a multiple of 44?
False
Is 56 a factor of 112?
True
Does 29 divide 1421?
True
Does 38 divide 124?
False
Is 61766 a multiple of 45?
False
Does 27 divide 776?
False
Does 39 divide 1573?
False
Is 1386 a multiple of 22?
True
Is 44 a multiple of 5?
False
Does 7 divide 22694?
True
Is 11647 a multiple of 19?
True
Is 125 a factor of 16961?
False
Does 158 divide 20309?
False
Is 505 a multiple of 12?
False
Is 31147 a multiple of 235?
False
Does 5 divide 612?
False
Is 425 a multiple of 5?
True
Is 87 a multiple of 17?
False
Does 16 divide 80?
True
Is 20972 a multiple of 14?
True
Is 19800 a multiple of 60?
True
Does 11 divide 4297?
False
Does 98 divide 5880?
True
Is 2389 a multiple of 105?
False
Is 6885 a multiple of 6?
False
Is 8 a factor of 3307?
False
Is 32 a factor of 2259?
False
Is 14 a factor of 13854?
False
Does 11 divide 386?
False
Is 5 a factor of 1763?
False
Is 13 a factor of 494?
True
Is 66 a factor of 7352?
False
Is 22 a factor of 3014?
True
Is 1547 a multiple of 119?
True
Is 6139 a multiple of 2?
False
Is 103295 a multiple of 19?
False
Does 20 divide 720?
True
Is 44 a factor of 297?
False
Is 19 a factor of 20354?
False
Is 9538 a multiple of 8?
False
Is 39 a multiple of 9?
False
Is 11 a factor of 2464?
True
Is 3 a factor of 1119?
True
Is 5 a factor of 373?
False
Is 12390 a multiple of 30?
True
Does 39 divide 1012?
False
Is 7572 a multiple of 156?
False
Does 62 divide 5806?
False
Is 182 a factor of 3276?
True
Is 23820 a multiple of 12?
True
Is 63723 a multiple of 313?
False
Is 21 a factor of 883?
False
Is 98 a factor of 588?
True
Is 19 a factor of 10279?
True
Is 23 a factor of 7455?
False
Does 18 divide 954?
True
Is 28 a factor of 504?
True
Does 26 divide 59?
False
Is 2352 a multiple of 42?
True
Is 85 a factor of 1215?
False
Does 15 divide 945?
True
Does 6 divide 570?
True
Is 62 a factor of 1566?
False
Is 2310 a multiple of 22?
True
Is 7344 a multiple of 68?
True
Does 46 divide 808?
False
Is 7 a factor of 1995?
True
Is 42 a factor of 55737?
False
Is 61 a factor of 3538?
True
Is 1359 a multiple of 62?
False
Does 42 divide 49896?
True
Is 4 a factor of 1148?
True
Is 5 a factor of 12